
Does 1767 divide 320289669?
False
Is 7 a factor of 252595607?
False
Is 170 a factor of 766289110?
True
Does 1212 divide 457595325?
False
Is 99691901 a multiple of 35?
False
Does 416 divide 2439282099?
False
Is 1690 a factor of 106124865?
False
Does 7 divide 2688928319?
True
Is 1957 a factor of 26578017?
True
Is 1979 a factor of 27316137?
True
Does 133 divide 70299360?
False
Does 75 divide 431928150?
True
Does 867 divide 1383048176?
False
Does 14 divide 114964850?
True
Does 154 divide 60359992?
True
Is 61846179 a multiple of 52?
False
Is 1357 a factor of 41959494?
False
Is 236402188 a multiple of 506?
True
Does 47 divide 77780238?
False
Does 300 divide 784153234?
False
Does 62 divide 4231355?
False
Is 416360077 a multiple of 177?
False
Does 45 divide 6488479?
False
Does 78 divide 12430626?
True
Is 21183426 a multiple of 11?
True
Is 73 a factor of 89422276?
False
Is 1215963052 a multiple of 13?
False
Is 744 a factor of 253596864?
True
Does 114 divide 9616014?
True
Does 747 divide 21303693?
True
Is 3101 a factor of 206701524?
False
Does 246 divide 575758572?
True
Is 28 a factor of 49141792?
True
Is 3263 a factor of 1596693579?
True
Is 7454 a factor of 2593954843?
False
Is 174 a factor of 1737193392?
False
Does 40 divide 139460000?
True
Is 3886 a factor of 899026100?
True
Is 3 a factor of 432570712?
False
Is 794 a factor of 44382284?
False
Is 336714587 a multiple of 2120?
False
Is 68 a factor of 27268476?
True
Is 22610638 a multiple of 9?
False
Does 504 divide 6434298?
False
Is 3847031 a multiple of 15?
False
Is 965791318 a multiple of 17?
True
Does 15 divide 18019215?
True
Is 294 a factor of 557028570?
True
Is 33 a factor of 730595259?
False
Does 11 divide 5801565?
True
Does 166 divide 254109314?
True
Is 825 a factor of 2194500?
True
Is 23518954 a multiple of 360?
False
Does 927 divide 51075631?
False
Is 621477038 a multiple of 202?
True
Is 4 a factor of 735387?
False
Is 8395 a factor of 1689144213?
False
Is 151710482 a multiple of 347?
True
Does 18 divide 7219110?
False
Is 73 a factor of 104719011?
True
Does 278 divide 302708223?
False
Is 27 a factor of 9196119?
True
Is 29305932 a multiple of 14?
False
Does 186 divide 164515512?
True
Does 6271 divide 862224874?
True
Does 32 divide 60759781?
False
Is 12177519 a multiple of 37?
False
Is 54 a factor of 849081?
False
Is 14 a factor of 11282780?
False
Does 228 divide 273147648?
True
Is 658 a factor of 515261605?
False
Is 85077560 a multiple of 20?
True
Does 21 divide 2577166?
False
Does 966 divide 80671495?
False
Is 281 a factor of 466780380?
False
Does 703 divide 13800593?
True
Is 52035740 a multiple of 20?
True
Is 9601816 a multiple of 248?
True
Is 223 a factor of 5547828808?
False
Is 577568572 a multiple of 20?
False
Is 52 a factor of 49343372?
True
Is 13272703 a multiple of 169?
False
Does 94 divide 6618394?
False
Is 14465324 a multiple of 4?
True
Is 90225032 a multiple of 58?
True
Is 1270533 a multiple of 2?
False
Does 59 divide 141609193?
False
Does 63 divide 637296151?
False
Is 79 a factor of 26617953?
False
Is 132 a factor of 79292919?
False
Is 1493 a factor of 856103458?
False
Is 25 a factor of 455899000?
True
Is 202787254 a multiple of 2496?
False
Does 19 divide 68087906?
True
Does 68 divide 15337400?
True
Is 288173749 a multiple of 2218?
False
Does 10 divide 6269909?
False
Does 2 divide 112613800?
True
Does 5253 divide 118250283?
True
Is 13 a factor of 71229281?
False
Is 1039428 a multiple of 12?
True
Does 22 divide 113808811?
False
Is 594 a factor of 14106312?
True
Is 208 a factor of 993831488?
True
Is 57159831 a multiple of 38?
False
Is 25 a factor of 1062307?
False
Is 159 a factor of 21408555?
True
Is 1164 a factor of 71228652?
True
Is 182954996 a multiple of 14?
True
Does 27 divide 559102878?
True
Is 11953506 a multiple of 6?
True
Is 71194280 a multiple of 20?
True
Is 93129171 a multiple of 293?
True
Is 26 a factor of 55887208?
True
Is 1724580 a multiple of 12?
True
Does 11 divide 25289829?
False
Does 7455 divide 244262560?
False
Does 25 divide 50568019?
False
Does 26 divide 11480092?
True
Does 5 divide 85900127?
False
Is 892 a factor of 534636256?
True
Is 329049050 a multiple of 903?
False
Is 1807 a factor of 900654040?
False
Is 1965 a factor of 57897433?
False
Does 279 divide 413101572?
False
Does 32 divide 174284224?
True
Is 2564572500 a multiple of 855?
True
Is 829756110 a multiple of 30?
True
Is 8397622 a multiple of 66?
False
Is 663210864 a multiple of 4062?
True
Does 2001 divide 78343152?
True
Is 26 a factor of 118752348?
True
Is 386 a factor of 721640510?
True
Is 584 a factor of 257840363?
False
Does 507 divide 419579004?
True
Is 21732029 a multiple of 209?
True
Is 76850310 a multiple of 951?
True
Is 49 a factor of 98215158?
False
Does 422 divide 61090830?
True
Does 23 divide 345128157?
False
Is 15434372 a multiple of 4?
True
Is 144168244 a multiple of 1571?
False
Is 143738042 a multiple of 456?
False
Is 109941381 a multiple of 38?
False
Is 453600348 a multiple of 12?
True
Does 291 divide 3097074498?
False
Is 315 a factor of 2192643810?
True
Does 21 divide 482322435?
True
Is 196812710 a multiple of 10?
True
Is 7 a factor of 80562953?
False
Does 117 divide 960783835?
False
Does 290 divide 20524200?
False
Does 1337 divide 3677902878?
False
Does 167 divide 15792856?
True
Is 41267412 a multiple of 9?
True
Is 42012486 a multiple of 393?
True
Does 1110 divide 129899970?
True
Is 27091484 a multiple of 419?
False
Is 13156655 a multiple of 92?
False
Does 251 divide 80870945?
True
Is 20798668 a multiple of 5?
False
Does 29 divide 11988165?
True
Is 45 a factor of 635935230?
True
Is 38264754 a multiple of 3058?
True
Is 31919355 a multiple of 1013?
False
Does 5452 divide 1126291854?
False
Is 103 a factor of 41442565?
True
Does 2 divide 8201581?
False
Is 184516 a multiple of 163?
True
Is 471768069 a multiple of 5?
False
Is 99 a factor of 878449869?
True
Is 111 a factor of 2694256008?
False
Is 39387577 a multiple of 31?
True
Does 37 divide 1090079385?
True
Is 12363637 a multiple of 500?
False
Does 174 divide 17631721?
False
Does 121 divide 58346777?
False
Does 73 divide 29533099?
True
Is 3 a factor of 28610251?
False
Does 45 divide 118707833?
False
Does 19 divide 8233272?
False
Is 121 a factor of 54773593?
False
Is 3290532 even?
True
Is 193086488 a multiple of 7?
True
Does 52 divide 8392454398?
False
Is 1663 a factor of 8780640?
True
Is 3 a factor of 351149891?
False
Is 149127619 a multiple of 2?
False
Is 9 a factor of 131079?
False
Is 840 a factor of 391759447?
False
Is 261590579 a multiple of 67?
True
Is 135 a factor of 48490650?
True
Is 37 a factor of 163866533?
False
Is 49 a factor of 115391356?
False
Is 23751159 a multiple of 594?
False
Is 25785583 a multiple of 113?
True
Is 67 a factor of 804938?
True
Is 78 a factor of 2323788948?
True
Is 1191696 a multiple of 7?
False
Is 304 a factor of 23398576?
True
Is 10702071 a multiple of 9?
True
Is 498 a factor of 16035677?
False
Is 375158590 a multiple of 2859?
False
Is 12553346 a multiple of 26?
True
Does 9 divide 24765246?
True
Does 310 divide 549133590?
False
Does 228 divide 223672560?
True
Is 535011349 a multiple of 4?
False
Does 318 divide 103371624?
True
Is 156754960 a multiple of 40?
True
Does 1744 divide 163158041?
False
Does 3368 divide 4462153440?
False
Is 1020 a factor of 891039360?
True
Is 319 a factor of 581695862?
True
Does 19 divide 1647830610?
False
Does 52 divide 3572868?
True
Is 15664633 a multiple of 202?
False
Is 300 a factor of 44122500?
True
Is 668658643 a multiple of 35?
False
Is 677 a factor of 1527064230?
False
Is 21707129 a multiple of 62?
False
Is 1093515187 a multiple of 1996?
False
Does 12 divide 4134658044?
True
Is 6 a factor of 924498?
True
Does 70 divide 110735730?
True
Is 85 a factor of 13885654?
False
Does 121 divide 325286756?
False
Is 5059015162 a multiple of 36?
False
Is 23 a factor of 701994822?
True
Is 285584100 a multiple of 150?
True
Is 671 a factor of 161882586?
False
Is 116937859 a multiple of 41?
False
Does 10 divide 110451076?
False
Is 279276058 a multiple of 52?
False
Does 6201 divide 523719228?
False
Is 13 a factor of 93514058?
False
Does 4106 divide 82325300?
True
Does 2811 divide 708901046?
False
Does 26 divide 240973642?
True
Is 50263385 a multiple of 2151?
False
Does 21 divide 57946518?
Tr